 common factor of t and c.
17
Suppose 0*v = 4*v - 3*k - 1, -3*v - 13 = -5*k. Let x(h) = 0*h**2 + 6*h**2 + 0*h**2 + h**3 + 2. Let i be x(-6). What is the highest common factor of i and v?
2
Suppose 25 = 4*h + h. Suppose -79 = -2*b + 1. What is the greatest common factor of b and h?
5
Suppose -3*s = -9 + 123. Let x = s - -68. Let h(y) = y**3 - 3*y**2 + 4. Let m be h(4). Calculate the greatest common divisor of x and m.
10
Suppose -2*v - 2 = 5*d - 1, -16 = -3*v - 4*d. Calculate the highest common factor of v and 84.
12
Suppose 5*w - 179 = -4*f - 26, -18 = -w - 5*f. Let l = w - 17. Calculate the greatest common divisor of l and 112.
16
Let i(f) = -f**3 - 11*f**2 + 2*f - 10. Let b be i(-11). Let d be (-5 - b) + (-2 - -3). What is the greatest common factor of d and 4?
4
Let w(z) = 7*z + 8. Suppose 28 = -4*j + 80. Let d be w(j). Calculate the greatest common factor of 11 and d.
11
Suppose 0 = -5*z - 25, -r = 5*z - 3 - 4. Suppose -4*f = -7*f + 24. Calculate the greatest common divisor of f and r.
8
Suppose 2 = 2*s - 0. Let c = s + 13. Calculate the greatest common divisor of c and 14.
14
Let n be 2163/6 + (-2)/4. Suppose -3*k + n = 3*z + z, -3*k = 0. Suppose -5*v + 40 = -t - 11, 0 = 5*v - 3*t - 53. Calculate the highest common factor of v and z.
10
Let i = -3 - -16. Let x(d) = 22*d - 1. Suppose -2*t = -0*t - 6. Let a be x(t). Calculate the greatest common factor of a and i.
13
Let v(d) = d**3 + 8. Let p be v(0). Let g be (3 + -1 + 0)*-2. Let q(y) = y**2 + y - 4. Let c be q(g). What is the highest common divisor of c and p?
8
Let p(a) = 5*a - 10. Let k be p(8). Let x = 58 - k. Calculate the highest common divisor of x and 7.
7
Let v be (-2)/4 + (-40)/(-16). Suppose -4*m + 14 = -v*m. Let x be (-2)/9 + 191/9. Calculate the highest common factor of m and x.
7
Suppose 0 = 4*t - 2*v - 82, 3*v - 27 = -2*t + 2. Calculate the highest common factor of t and 57.
19
Suppose 5*r - 3*g = -345, g = r - 3*g + 86. Let t be (28/(-21))/(2/r). Calculate the greatest common factor of t and 110.
22
Suppose -5*z + 3*a + 193 = 0, 3*z + 2*a - 111 = 5*a. What is the highest common factor of z and 205?
41
Suppose -5 = 3*j - 20. Suppose -16 + 2 = 3*x - j*h, 0 = -5*x + 5*h - 10. Let f = 7 + x. Calculate the highest common factor of f and 1.
1
Let f be 21/6 - (-1)/2. Suppose -p - 4*p + 302 = -2*n, f*p - 157 = n. Let l be (n/(-12) + -3)*4. Calculate the greatest common divisor of 7 and l.
7
Suppose -4*v + s + 24 = 4*s, 4*s = -5*v + 29. What is the highest common divisor of 9 and v?
9
Suppose 4*j = 4*g + 24, 3*j + 2*j = -g. Suppose -5*z + 16 = -3*z + 5*v, -5*v = -z + 8. What is the greatest common factor of j and z?
1
Suppose -r + 4*g + 25 = 1, r = -4*g. Calculate the greatest common factor of r and 2.
2
Let k(y) = y**2 + 5*y - 3. Let s be k(-6). Let p = 9 - s. What is the greatest common divisor of p and 2?
2
Let v be 3/9 + 2/((-24)/(-1748)). Suppose -g + q = 51, -4*q - q + 102 = -2*g. Let d = g + v. Calculate the greatest common divisor of d and 19.
19
Suppose 33 = 3*y - 4*w, 4*y + 0*y + w = 44. Calculate the greatest common divisor of 33 and y.
11
Suppose -5*f - 8 = -u + 3*u, -2*u + 8 = f. Let g(l) = -l**3 - 20*l**2 - 38*l - 12. Let i be g(-18). Calculate the greatest common factor of i and u.
6
Let y = -35 - -49. Calculate the greatest common divisor of y and 35.
7
Suppose -3*f = -f - 2*m - 28, 4*f + 4*m = 64. Suppose 0 = v - 11 - 64. Suppose 2*l - l = v. What is the greatest common divisor of f and l?
15
Let t be 2/(-3) - (2 + 609/(-9)). Calculate the highest common factor of 13 and t.
13
Let x(g) be the first derivative of -3*g**2 + 3*g + 2. Let q be x(-2). Let n be 1/4 + 299/4. Calculate the highest common divisor of n and q.
15
Suppose 89 = 4*u - 55. Let v = u + -22. What is the highest common factor of v and 126?
14
Suppose 0 = c + c + 28. Let j = c + 27. Let f be 21*(-13)/(-6)*2. Calculate the highest common factor of j and f.
13
Let k = 11 - -13. Calculate the greatest common divisor of k and 16.
8
Suppose -3*a - 114 = -3*n, -2*n + 4*a = -0*a - 78. What is the greatest common factor of 296 and n?
37
Suppose -2*v + 34 = -2*t, 28 + 21 = 2*v - 5*t. Calculate the highest common factor of v and 60.
12
Let s be 4*9/((-2)/(-2)). What is the greatest common divisor of 12 and s?
12
Let z be (-56)/(-3) + (-8)/(-6). Calculate the highest common divisor of z and 220.
20
Suppose 38*i - 1331 = 27*i. What is the highest common divisor of 11 and i?
11
Suppose -3 = -s + 6. Calculate the highest common divisor of 99 and s.
9
Let l(y) = -10*y - 2. Let n be l(-5). Let x be 2/(-14) - (-291)/(-21). Let o be (-24)/x*21/6. Calculate the highest common divisor of n and o.
6
Let n be (-8)/(-4) + 17*1. Let v = 40 - n. Let p = v - 12. What is the greatest common divisor of p and 72?
9
Suppose 25 = -5*i - 5. Let f = i + 9. What is the highest common divisor of 2 and f?
1
Suppose -72 = -b + 2*y, y = 2*b - 2*y - 143. Calculate the greatest common divisor of b and 28.
14
Let l = -44 - -62. Let x(g) = g**3 + 12*g**2 + 2*g + 15. Let p be x(-12). Let y be ((-1)/2)/(p/216). Calculate the greatest common divisor of y and l.
6
Suppose 0*r = -r + 6. Suppose -2*b - 3*z = 1 + 3, -3*z = -4*b + 28. Calculate the greatest common factor of r and b.
2
Let c = -3 - -7. Suppose 0 = 4*f + 4 + 16, 4*d = f + 17. Suppose -4*g + 146 = 2*p, d*g = -p - p + 110. Calculate the greatest common factor of g and c.
4
Let u = -153 - -303. Calculate the greatest common divisor of 15 and u.
15
Let k(a) = a**3 + 16*a**2 + 14*a - 1. Suppose 4*i + 13 = -47. Let r be k(i). What is the greatest common factor of r and 70?
14
Let w(n) be the first derivative of -n**3/3 - n**2/2 + 2*n - 3. Let q be w(-9). Let u = -50 - q. Calculate the highest common factor of u and 30.
10
Let b be 4*(-1773)/(-180) + (-4)/10. Calculate the highest common factor of 351 and b.
39
Suppose -67 + 11 = -4*w. Let f = -2 + w. Let p = 8 - -4. What is the greatest common divisor of f and p?
12
Suppose -3*n = 5*p - 71, 3*p - 2*n - 49 + 14 = 0. Suppose 0 = m - p - 1. Let a be -1 + 0 + m + -1. What is the highest common divisor of 24 and a?
12
Let x(j) = -j**3 + 11*j**2 - 16*j + 2. Let l be x(9). What is the greatest common divisor of 140 and l?
20
Let k(f) = -f**3 - 7*f**2 - 9*f - 9. Suppose p = -0*p + 2*i, 5*p = -3*i - 39. Let w be k(p). What is the highest common factor of w and 81?
9
Let w be (792/110)/((-2)/(-50)). What is the greatest common factor of 36 and w?
36
Let v be (13 - -5*2/(-5))*27. Calculate the greatest common factor of v and 27.
27
Let d = 192 - 96. Calculate the highest common divisor of 64 and d.
32
Let h be 1 + -3 - 0/1. Let w be -2 + (-12)/h + 3. Calculate the highest common divisor of w and 35.
7
Suppose 0 = 4*j - 5*j - 5*r - 34, r = 3*j + 22. Let a be 2/(-4)*(1 + j). What is the greatest common factor of a and 16?
4
Let h(c) = -2*c - 6. Let u be h(-5). Let z be -1 - -5 - (-9 + 3). What is the highest common factor of z and u?
2
Let a be (-18)/4*(-2)/3. Let p = -11 - -8. Let t be 32*((-15)/(-4) + p). What is the greatest common factor of t and a?
3
Let k be 2 - (3 + 4/(-6)*3). Calculate the greatest common factor of 3 and k.
1
Let b = 90 - 81. What is the greatest common divisor of 99 and b?
9
Let g = -129 + 203. Calculate the greatest common divisor of 2 and g.
2
Suppose j - 6*g = -2*g - 16, 3*j + g = -113. Let c be j/((-3)/(-3 - -12)). Suppose 0 = -5*b - 0*b + 60. What is the highest common divisor of c and b?
12
Let f = 0 - 0. Let q be 20/(-15)*27/(-6). Suppose g - 2 - q = f. What is the greatest common divisor of 8 and g?
8
Suppose l + 0*l - 108 = -4*p, -3*p = -l + 108. Let a = -9 + 21. What is the greatest common factor of a and l?
12
Let m be 16/(-2)*(4 + -3). Let u = 107 + m. What is the highest common factor of 9 and u?
9
Suppose -3*j + 4*c = -46, 0 = 9*j - 4*j + 3*c - 96. Let l be ((-3)/2)/((-1)/6). What is the highest common divisor of l and j?
9
Let a(m) = 2*m + 30. Let g be a(6). Let n be 41/3 + (-3)/(-9). Calculate the highest common divisor of g and n.
14
Let j be 1 - 102/9*-3. Suppose -n + 0*z = -z - j, 20 = 4*z. What is the highest common divisor of 5 and n?
5
Let c = 105 + -103. Calculate the highest common factor of 3 and c.
1
Let v(c) = -6*c + 7. Let d be v(-8). What is the highest common factor of 5 and d?
5
Suppose -o + 